0170?
2, 3, 5, 31, 1460269
What are the prime factors of 1081424422?
2, 13, 41593247
What are the prime factors of 260398394?
2, 131, 993887
What are the prime factors of 1108796063?
29, 38234347
List the prime factors of 1929772787.
547, 631, 5591
List the prime factors of 174866624.
2, 17, 160723
What are the prime factors of 477289308?
2, 3, 29, 373, 3677
List the prime factors of 76312938.
2, 3, 13, 449, 2179
What are the prime factors of 2097753284?
2, 11, 17, 193, 1321
What are the prime factors of 323287812?
2, 3, 19, 472643
What are the prime factors of 238961267?
173, 1381279
List the prime factors of 411248639.
73, 5633543
What are the prime factors of 1315321234?
2, 657660617
List the prime factors of 114462000.
2, 3, 5, 6359
List the prime factors of 1294894913.
13, 17, 151, 38803
List the prime factors of 986185033.
986185033
What are the prime factors of 3682414831?
3682414831
What are the prime factors of 68952943?
5903, 11681
List the prime factors of 4120918035.
3, 5, 13, 4057, 5209
What are the prime factors of 4312066823?
4312066823
What are the prime factors of 187393739?
13, 41, 269, 1307
List the prime factors of 702795255.
3, 5, 46853017
List the prime factors of 1651909562.
2, 641, 1288541
What are the prime factors of 6662523287?
7, 997, 136379
List the prime factors of 881401319.
83, 1951, 5443
List the prime factors of 997627367.
11, 61, 1486777
List the prime factors of 2896499131.
53, 6073, 8999
What are the prime factors of 49299805?
5, 53, 186037
What are the prime factors of 770867316?
2, 3, 19, 1126999
List the prime factors of 1803484344.
2, 3, 75145181
What are the prime factors of 271051154?
2, 11, 12320507
List the prime factors of 57410194.
2, 28705097
List the prime factors of 1898382488.
2, 237297811
What are the prime factors of 5916223494?
2, 3, 41, 8016563
List the prime factors of 37998109.
727, 52267
List the prime factors of 149973814.
2, 439, 170813
List the prime factors of 185359178.
2, 92679589
List the prime factors of 99991864.
2, 7, 31, 239, 241
What are the prime factors of 1624342121?
83, 2663, 7349
List the prime factors of 697835488.
2, 7, 1373, 2269
List the prime factors of 158749640.
2, 5, 7, 566963
List the prime factors of 302336180.
2, 5, 31, 337, 1447
What are the prime factors of 1172359108?
2, 293089777
List the prime factors of 47102601.
3, 7, 13, 47, 3671
What are the prime factors of 1052782471?
13, 80983267
List the prime factors of 200738720.
2, 5, 7, 13, 17, 811
List the prime factors of 178725187.
178725187
List the prime factors of 291279957.
3, 2377, 40847
What are the prime factors of 7396555?
5, 61, 24251
List the prime factors of 24562569.
3, 17, 481619
List the prime factors of 741711771.
3, 41, 367, 5477
List the prime factors of 19573956.
2, 3, 29, 18749
What are the prime factors of 4599297?
3, 511033
What are the prime factors of 144463823?
7, 173, 119293
List the prime factors of 357712772.
2, 19, 127, 37061
List the prime factors of 55137569.
55137569
List the prime factors of 34546670.
2, 5, 3454667
List the prime factors of 37200289.
7, 43, 73, 1693
List the prime factors of 84753796.
2, 21188449
List the prime factors of 2061468861.
3, 687156287
List the prime factors of 87869346.
2, 3, 181, 80911
What are the prime factors of 5424040976?
2, 101, 103, 32587
What are the prime factors of 68966804?
2, 1567, 11003
List the prime factors of 4486428801.
3, 498492089
List the prime factors of 55982577.
3, 7, 71, 37547
List the prime factors of 318618184.
2, 39827273
What are the prime factors of 12710086?
2, 1901, 3343
What are the prime factors of 85753350?
2, 3, 5, 63521
List the prime factors of 68349458.
2, 811, 42139
What are the prime factors of 81296283?
3, 23, 1178207
What are the prime factors of 232433928?
2, 3, 17, 63299
List the prime factors of 1294695713.
53, 24428221
List the prime factors of 112400938.
2, 13, 1657, 2609
List the prime factors of 234721504.
2, 7335047
List the prime factors of 547716126.
2, 3, 97, 941093
List the prime factors of 167376389.
83, 2016583
What are the prime factors of 38228235?
3, 5, 29, 87881
What are the prime factors of 2079570880?
2, 5, 6498659
What are the prime factors of 6682396?
2, 7, 238657
List the prime factors of 6172185596.
2, 53, 103, 282661
List the prime factors of 8100533360.
2, 5, 439, 230653
What are the prime factors of 181344685?
5, 29, 1250653
List the prime factors of 40474357.
7, 11, 525641
What are the prime factors of 481358842?
2, 17, 71, 199403
List the prime factors of 192776944.
2, 12048559
What are the prime factors of 312606481?
11, 673, 42227
List the prime factors of 173941265.
5, 797, 43649
What are the prime factors of 782383214?
2, 17, 3301, 6971
List the prime factors of 1100552710.
2, 5, 2203, 49957
List the prime factors of 29136228.
2, 3, 11, 103, 2143
What are the prime factors of 1204986430?
2, 5, 31, 3887053
List the prime factors of 34147095.
3, 5, 71, 32063
List the prime factors of 7573547988.
2, 3, 210376333
List the prime factors of 117125935.
5, 103, 467, 487
What are the prime factors of 84728360?
2, 5, 2118209
List the prime factors of 17459527.
17, 1027031
What are the prime factors of 65318476?
2, 16329619
List the prime factors of 2044386715.
5, 7, 37, 1091, 1447
List the prime factors of 264069897.
3, 7, 13, 967289
List the prime factors of 87961335.
3, 5, 7, 11, 76157
List the prime factors of 8846017.
983, 8999
List the prime factors of 3704530228.
2, 7, 132304651
List the prime factors of 3131450228.
2, 83, 617, 15287
What are the prime factors of 468414225?
3, 5, 359, 1933
What are the prime factors of 3226228668?
2, 3, 13, 6893651
List the prime factors of 26075948.
2, 6518987
List the prime factors of 2589875435.
5, 7, 2593, 28537
What are the prime factors of 5734828935?
3, 5, 11, 293, 39541
List the prime factors of 43835721.
3, 2909, 5023
What are the prime factors of 40410272?
2, 7, 89, 2027
List the prime factors of 434486121.
3, 10639, 13613
What are the prime factors of 15835689?
3, 101, 5807
List the prime factors of 63309807.
3, 11, 639493
List the prime factors of 562767162.
2, 3, 93794527
What are the prime factors of 136432438?
2, 1583, 43093
What are the prime factors of 6141287?
67, 71, 1291
List the prime factors of 158613113.
8753, 18121
What are the prime factors of 600206902?
2, 1493, 201007
List the prime factors of 595625208.
2, 3, 2579, 9623
What are the prime factors of 4475184300?
2, 3, 5, 29, 277, 619
What are the prime factors of 4149577526?
2, 101, 20542463
What are the prime factors of 405892536?
2, 3, 7, 61, 39607
List the prime factors of 385395466.
2, 263, 439, 1669
What are the prime factors of 1078338703?
13, 79, 13291
List the prime factors of 499455064.
2, 79, 790277
List the prime factors of 987764390.
2, 5, 3391, 29129
What are the prime factors of 568418174?
2, 19, 14958373
List the prime factors of 2277385783.
9239, 246497
What are the prime factors of 2710169521?
12049, 224929
List the prime factors of 3248794635.
3, 5, 113, 311, 6163
List the prime factors of 1140887239.
23, 49603793
What are the prime factors of 1845671668?
2, 199, 1153, 2011
List the prime factors of 152929698.
2, 3, 53, 480911
What are the prime factors of 126191278?
2, 63095639
What are the prime factors of 42223647?
3, 89, 158141
List the prime factors of 127534838.
2, 63767419
List the prime factors of 74547024.
2, 3, 1553063
List the prime factors of 169354991.
13, 193, 67499
What are the prime factors of 451280201?
13693, 32957
List the prime factors of 336323984.
2, 41, 43, 11923
What are the prime factors of 218687218?
2, 17, 6431977
List the prime factors of 1405467479.
13, 827, 130729
What are the prime factors of 205185657?
3, 59, 1159241
List the prime factors of 4498887108.
2, 3, 19, 3547, 5563
List the prime factors of 50560372.
2, 12640093
What are the prime factors of 37250295?
3, 5, 337, 7369
What are the prime factors of 2627279434?
2, 13, 101049209
List the prime factors of 3696347497.
41, 467, 193051
What are the prime factors of 332545118?
2, 89, 1868231
What are the prime factors of 82946894?
2, 19, 2182813
What are the prime factors of 1227175556?
2, 929, 330241
What are the prime factors of 1386991575?
3, 5, 89, 69263
Wh